{"version":"1.0","type":"rich","width":"560px","height":"140px","title":"01\/09\/2026 &#8211; Terres du son &#8211; soutenabilit\u00e9 des grands \u00e9v\u00e8nements #1 - Les grands \u00e9v\u00e8nements culturels sont ils compatibles avec le d\u00e9r\u00e8glement climatique ?  1\u00e8re partie","url":"https:\/\/podcast-radiobeton.com\/01-09-2026-terres-du-son-soutenabilite-des-grands-evenements-1","author_name":null,"author_url":"https:\/\/podcast-radiobeton.com","thumbnail_url":"https:\/\/podcast-radiobeton.com\/wp-content\/uploads\/doed-1400.jpg","html":"<iframe width=\"560px\" height=\"140px\" src=\"https:\/\/podcast-radiobeton.com\/01-09-2026-terres-du-son-soutenabilite-des-grands-evenements-1?standalonePlayer\"><\/iframe>"}

01/09/2026 &#8211; Terres du son &#8211; soutenabilité des grands évènements #1 - Les grands évènements culturels sont ils compatibles avec le dérèglement climatique ?  1ère partie
