{"version":"1.0","type":"rich","width":"560px","height":"140px","title":"04\/02\/2023 &#8211; La r\u00e9forme du r\u00e9gime des retraites - Des \u00d4 et d\u00e9bats re\u00e7oit deux d\u00e9put\u00e9s d\u2019Indre et Loire : Charles Fournier, d\u00e9put\u00e9 EELV Nupes, et Daniel Labaronne, d\u00e9put\u00e9 Renaissance, pour d\u00e9battre sur la r\u00e9forme du r\u00e9gime des retraites avant les 1ers d\u00e9bats parlementaires de la semaine prochaine.","url":"https:\/\/podcast-radiobeton.com\/04-02-2023-la-reforme-du-regime-des-retraites","author_name":null,"author_url":"https:\/\/podcast-radiobeton.com","thumbnail_url":null,"html":"<iframe width=\"560px\" height=\"140px\" src=\"https:\/\/podcast-radiobeton.com\/04-02-2023-la-reforme-du-regime-des-retraites?standalonePlayer\"><\/iframe>"}

04/02/2023 &#8211; La réforme du régime des retraites - Des Ô et débats reçoit deux députés d’Indre et Loire : Charles Fournier, député EELV Nupes, et Daniel Labaronne, député Renaissance, pour débattre sur la réforme du régime des retraites avant les 1ers débats parlementaires de la semaine prochaine.
